{"id":48,"date":"2025-09-01T14:29:38","date_gmt":"2025-09-01T14:29:38","guid":{"rendered":"https:\/\/ccjura.ch\/?page_id=48"},"modified":"2026-02-02T08:40:04","modified_gmt":"2026-02-02T08:40:04","slug":"accueil","status":"publish","type":"page","link":"https:\/\/ccjura.ch\/","title":{"rendered":"Accueil"},"content":{"rendered":"<p>[et_pb_section fb_built=\u00a0\u00bb1&Prime; admin_label=\u00a0\u00bbHeader\u00a0\u00bb _builder_version=\u00a0\u00bb4.27.4&Prime; _module_preset=\u00a0\u00bb94b61fa9-e769-488a-99e9-46ac2d951486&Prime; background_image=\u00a0\u00bbhttp:\/\/ccjura.ch\/wp-content\/uploads\/2025\/09\/h-co-3coKbdfnAFg-unsplash-scaled.jpg\u00a0\u00bb min_height=\u00a0\u00bb548px\u00a0\u00bb height=\u00a0\u00bb356px\u00a0\u00bb custom_margin=\u00a0\u00bb||-79px|||\u00a0\u00bb custom_padding=\u00a0\u00bb2vw||0vw||false|false\u00a0\u00bb border_radii=\u00a0\u00bboff|||3vw|3vw\u00a0\u00bb collapsed=\u00a0\u00bbon\u00a0\u00bb global_colors_info=\u00a0\u00bb{}\u00a0\u00bb][et_pb_row _builder_version=\u00a0\u00bb4.27.4&Prime; _module_preset=\u00a0\u00bbdefault\u00a0\u00bb global_colors_info=\u00a0\u00bb{}\u00a0\u00bb][et_pb_column type=\u00a0\u00bb4_4&Prime; _builder_version=\u00a0\u00bb4.22.0&Prime; _module_preset=\u00a0\u00bbdefault\u00a0\u00bb global_colors_info=\u00a0\u00bb{}\u00a0\u00bb][et_pb_heading title=\u00a0\u00bbContr\u00f4le des chantiers &#8211; Jura\u00a0\u00bb _builder_version=\u00a0\u00bb4.27.4&Prime; _module_preset=\u00a0\u00bbc1253fe8-602a-4752-89bc-148a73740ac6&Prime; custom_margin=\u00a0\u00bb||10px||false|false\u00a0\u00bb global_colors_info=\u00a0\u00bb{}\u00a0\u00bb][\/et_pb_heading][et_pb_heading title=\u00a0\u00bbAICPJ\u00a0\u00bb _builder_version=\u00a0\u00bb4.27.4&Prime; _module_preset=\u00a0\u00bbade78d2b-645a-456a-8958-cc9544e046f1&Prime; custom_padding=\u00a0\u00bb7px|||||\u00a0\u00bb global_colors_info=\u00a0\u00bb{}\u00a0\u00bb][\/et_pb_heading][\/et_pb_column][\/et_pb_row][\/et_pb_section][et_pb_section fb_built=\u00a0\u00bb1&Prime; admin_label=\u00a0\u00bbServices\u00a0\u00bb _builder_version=\u00a0\u00bb4.22.0&Prime; _module_preset=\u00a0\u00bbdefault\u00a0\u00bb min_height=\u00a0\u00bb935.4px\u00a0\u00bb custom_margin=\u00a0\u00bb-172px||-280px|||\u00a0\u00bb custom_padding=\u00a0\u00bb27px|||||\u00a0\u00bb collapsed=\u00a0\u00bbon\u00a0\u00bb global_colors_info=\u00a0\u00bb{}\u00a0\u00bb][et_pb_row _builder_version=\u00a0\u00bb4.27.4&Prime; _module_preset=\u00a0\u00bbdefault\u00a0\u00bb global_colors_info=\u00a0\u00bb{}\u00a0\u00bb][et_pb_column type=\u00a0\u00bb4_4&Prime; _builder_version=\u00a0\u00bb4.27.4&Prime; _module_preset=\u00a0\u00bbdefault\u00a0\u00bb global_colors_info=\u00a0\u00bb{}\u00a0\u00bb][et_pb_text _builder_version=\u00a0\u00bb4.27.4&Prime; _module_preset=\u00a0\u00bbdefault\u00a0\u00bb custom_margin=\u00a0\u00bb-63px|||||\u00a0\u00bb custom_padding=\u00a0\u00bb0px|||||\u00a0\u00bb global_colors_info=\u00a0\u00bb{}\u00a0\u00bb]<\/p>\n<h2><span style=\"color: #339966;\"><strong>Accueil<\/strong><\/span><\/h2>\n<p>[\/et_pb_text][\/et_pb_column][\/et_pb_row][et_pb_row column_structure=\u00a0\u00bb1_3,1_3,1_3&Prime; _builder_version=\u00a0\u00bb4.27.4&Prime; _module_preset=\u00a0\u00bbdefault\u00a0\u00bb global_colors_info=\u00a0\u00bb{}\u00a0\u00bb][et_pb_column type=\u00a0\u00bb1_3&Prime; _builder_version=\u00a0\u00bb4.27.4&Prime; _module_preset=\u00a0\u00bbdefault\u00a0\u00bb global_colors_info=\u00a0\u00bb{}\u00a0\u00bb][et_pb_text _builder_version=\u00a0\u00bb4.27.4&Prime; _module_preset=\u00a0\u00bbdefault\u00a0\u00bb global_colors_info=\u00a0\u00bb{}\u00a0\u00bb]<\/p>\n<p style=\"text-align: center;\"><strong>Qui sommes-nous ?<\/strong><\/p>\n<p style=\"text-align: justify;\">L\u2019<strong data-start=\"138\" data-end=\"147\">AICPJ<\/strong> (Association Interprofessionnelle des Commissions Paritaires du Canton du Jura) est une organisation cr\u00e9\u00e9e pour f\u00e9d\u00e9rer, accompagner et soutenir l\u2019ensemble des commissions paritaires actives dans la r\u00e9gion jurassienne.<\/p>\n<p data-start=\"370\" data-end=\"762\" style=\"text-align: justify;\">Elle a pour vocation de renforcer l\u2019efficacit\u00e9 des commissions paritaires, de promouvoir le respect des conventions collectives de travail et de contribuer \u00e0 un climat social \u00e9quilibr\u00e9 dans le canton du Jura.<\/p>\n<p>[\/et_pb_text][\/et_pb_column][et_pb_column type=\u00a0\u00bb1_3&Prime; _builder_version=\u00a0\u00bb4.27.4&Prime; _module_preset=\u00a0\u00bbdefault\u00a0\u00bb global_colors_info=\u00a0\u00bb{}\u00a0\u00bb][et_pb_gallery gallery_ids=\u00a0\u00bb295&Prime; show_title_and_caption=\u00a0\u00bboff\u00a0\u00bb _builder_version=\u00a0\u00bb4.27.4&Prime; _module_preset=\u00a0\u00bbdefault\u00a0\u00bb hover_enabled=\u00a0\u00bb0&Prime; global_colors_info=\u00a0\u00bb{}\u00a0\u00bb sticky_enabled=\u00a0\u00bb0&Prime; custom_margin=\u00a0\u00bb||-2px|||\u00a0\u00bb][\/et_pb_gallery][\/et_pb_column][et_pb_column type=\u00a0\u00bb1_3&Prime; _builder_version=\u00a0\u00bb4.27.4&Prime; _module_preset=\u00a0\u00bbdefault\u00a0\u00bb global_colors_info=\u00a0\u00bb{}\u00a0\u00bb][et_pb_text _builder_version=\u00a0\u00bb4.27.4&Prime; _module_preset=\u00a0\u00bbdefault\u00a0\u00bb global_colors_info=\u00a0\u00bb{}\u00a0\u00bb]<\/p>\n<p style=\"text-align: center;\"><strong>Objectifs<\/strong><\/p>\n<p style=\"text-align: justify;\">L\u2019Association Interprofessionnelle des Commissions Paritaires du canton du Jura a pour but de faire respecter les Conventions Collectives de Travail (CCT) et d\u2019effectuer des contr\u00f4les li\u00e9s aux travailleurs d\u00e9tach\u00e9s et \u00e0 la loi sur le travail au noir.<\/p>\n<p style=\"text-align: justify;\">Les Commissions paritaires membres et clientes de l\u2019AICPJ sont les CP du b\u00e2timent et g\u00e9nie civil, de la pl\u00e2trerie-peinture, de la menuiserie, charpenterie et \u00e9b\u00e9nisterie, des branches techniques du b\u00e2timent, des installateurs et \u00e9lectriciens, du nettoyage et des m\u00e9tiers du m\u00e9tal. Ce sont principalement ces commissions paritaires qui financent les activit\u00e9s de l\u2019AICPJ.<\/p>\n<p>[\/et_pb_text][\/et_pb_column][\/et_pb_row][et_pb_row _builder_version=\u00a0\u00bb4.27.4&Prime; _module_preset=\u00a0\u00bbdefault\u00a0\u00bb global_colors_info=\u00a0\u00bb{}\u00a0\u00bb][et_pb_column type=\u00a0\u00bb4_4&Prime; _builder_version=\u00a0\u00bb4.27.4&Prime; _module_preset=\u00a0\u00bbdefault\u00a0\u00bb global_colors_info=\u00a0\u00bb{}\u00a0\u00bb][et_pb_button button_url=\u00a0\u00bbhttps:\/\/ccjura.ch\/denonciation-contact\/\u00a0\u00bb button_text=\u00a0\u00bbD\u00e9nonciation\u00a0\u00bb button_alignment=\u00a0\u00bbcenter\u00a0\u00bb _builder_version=\u00a0\u00bb4.27.4&Prime; _module_preset=\u00a0\u00bbdefault\u00a0\u00bb button_text_size=\u00a0\u00bb35px\u00a0\u00bb custom_margin=\u00a0\u00bb-88px||49px|||\u00a0\u00bb custom_padding=\u00a0\u00bb11px|32px|11px|32px|true|true\u00a0\u00bb global_colors_info=\u00a0\u00bb{}\u00a0\u00bb][\/et_pb_button][\/et_pb_column][\/et_pb_row][\/et_pb_section]<\/p>\n","protected":false},"excerpt":{"rendered":"<p>AccueilQui sommes-nous ? L\u2019AICPJ (Association Interprofessionnelle des Commissions Paritaires du Canton du Jura) est une organisation cr\u00e9\u00e9e pour f\u00e9d\u00e9rer, accompagner et soutenir l\u2019ensemble des commissions paritaires actives dans la r\u00e9gion jurassienne. Elle a pour vocation de renforcer l\u2019efficacit\u00e9 des commissions paritaires, de promouvoir le respect des conventions collectives de travail et de contribuer \u00e0 un [&hellip;]<\/p>\n","protected":false},"author":2,"featured_media":0,"parent":0,"menu_order":0,"comment_status":"open","ping_status":"closed","template":"","meta":{"_et_pb_use_builder":"on","_et_pb_old_content":"","_et_gb_content_width":"","footnotes":""},"class_list":["post-48","page","type-page","status-publish","hentry"],"_links":{"self":[{"href":"https:\/\/ccjura.ch\/index.php?rest_route=\/wp\/v2\/pages\/48","targetHints":{"allow":["GET"]}}],"collection":[{"href":"https:\/\/ccjura.ch\/index.php?rest_route=\/wp\/v2\/pages"}],"about":[{"href":"https:\/\/ccjura.ch\/index.php?rest_route=\/wp\/v2\/types\/page"}],"author":[{"embeddable":true,"href":"https:\/\/ccjura.ch\/index.php?rest_route=\/wp\/v2\/users\/2"}],"replies":[{"embeddable":true,"href":"https:\/\/ccjura.ch\/index.php?rest_route=%2Fwp%2Fv2%2Fcomments&post=48"}],"version-history":[{"count":22,"href":"https:\/\/ccjura.ch\/index.php?rest_route=\/wp\/v2\/pages\/48\/revisions"}],"predecessor-version":[{"id":296,"href":"https:\/\/ccjura.ch\/index.php?rest_route=\/wp\/v2\/pages\/48\/revisions\/296"}],"wp:attachment":[{"href":"https:\/\/ccjura.ch\/index.php?rest_route=%2Fwp%2Fv2%2Fmedia&parent=48"}],"curies":[{"name":"wp","href":"https:\/\/api.w.org\/{rel}","templated":true}]}}

<p>[et_pb_section fb_built= »1&Prime; admin_label= »Header » _builder_version= »4.27.4&Prime; _module_preset= »94b61fa9-e769-488a-99e9-46ac2d951486&Prime; background_image= »http://ccjura.ch/wp-content/uploads/2025/09/h-co-3coKbdfnAFg-unsplash-scaled.jpg » min_height= »548px » height= »356px » custom_margin= »||-79px||| » custom_padding= »2vw||0vw||false|false » border_radii= »off|||3vw|3vw » collapsed= »on » global_colors_info= »{} »][et_pb_row _builder_version= »4.27.4&Prime; _module_preset= »default » global_colors_info= »{} »][et_pb_column type= »4_4&Prime; _builder_version= »4.22.0&Prime; _module_preset= »default » global_colors_info= »{} »][et_pb_heading title= »Contrôle des chantiers &#8211; Jura » _builder_version= »4.27.4&Prime; _module_preset= »c1253fe8-602a-4752-89bc-148a73740ac6&Prime; custom_margin= »||10px||false|false » global_colors_info= »{} »][/et_pb_heading][et_pb_heading title= »AICPJ » _builder_version= »4.27.4&Prime; _module_preset= »ade78d2b-645a-456a-8958-cc9544e046f1&Prime; custom_padding= »7px||||| » global_colors_info= »{} »][/et_pb_heading][/et_pb_column][/et_pb_row][/et_pb_section][et_pb_section fb_built= »1&Prime; admin_label= »Services » _builder_version= »4.22.0&Prime; _module_preset= »default » min_height= »935.4px » custom_margin= »-172px||-280px||| » custom_padding= »27px||||| » collapsed= »on » global_colors_info= »{} »][et_pb_row _builder_version= »4.27.4&Prime; _module_preset= »default » global_colors_info= »{} »][et_pb_column type= »4_4&Prime; _builder_version= »4.27.4&Prime; _module_preset= »default » global_colors_info= »{} »][et_pb_text _builder_version= »4.27.4&Prime; _module_preset= »default » custom_margin= »-63px||||| » custom_padding= »0px||||| » global_colors_info= »{} »]</p>
<h2><span style="color: #339966;"><strong>Accueil</strong></span></h2>
<p>[/et_pb_text][/et_pb_column][/et_pb_row][et_pb_row column_structure= »1_3,1_3,1_3&Prime; _builder_version= »4.27.4&Prime; _module_preset= »default » global_colors_info= »{} »][et_pb_column type= »1_3&Prime; _builder_version= »4.27.4&Prime; _module_preset= »default » global_colors_info= »{} »][et_pb_text _builder_version= »4.27.4&Prime; _module_preset= »default » global_colors_info= »{} »]</p>
<p style="text-align: center;"><strong>Qui sommes-nous ?</strong></p>
<p style="text-align: justify;">L’<strong data-start="138" data-end="147">AICPJ</strong> (Association Interprofessionnelle des Commissions Paritaires du Canton du Jura) est une organisation créée pour fédérer, accompagner et soutenir l’ensemble des commissions paritaires actives dans la région jurassienne.</p>
<p data-start="370" data-end="762" style="text-align: justify;">Elle a pour vocation de renforcer l’efficacité des commissions paritaires, de promouvoir le respect des conventions collectives de travail et de contribuer à un climat social équilibré dans le canton du Jura.</p>
<p>[/et_pb_text][/et_pb_column][et_pb_column type= »1_3&Prime; _builder_version= »4.27.4&Prime; _module_preset= »default » global_colors_info= »{} »][et_pb_gallery gallery_ids= »295&Prime; show_title_and_caption= »off » _builder_version= »4.27.4&Prime; _module_preset= »default » hover_enabled= »0&Prime; global_colors_info= »{} » sticky_enabled= »0&Prime; custom_margin= »||-2px||| »][/et_pb_gallery][/et_pb_column][et_pb_column type= »1_3&Prime; _builder_version= »4.27.4&Prime; _module_preset= »default » global_colors_info= »{} »][et_pb_text _builder_version= »4.27.4&Prime; _module_preset= »default » global_colors_info= »{} »]</p>
<p style="text-align: center;"><strong>Objectifs</strong></p>
<p style="text-align: justify;">L’Association Interprofessionnelle des Commissions Paritaires du canton du Jura a pour but de faire respecter les Conventions Collectives de Travail (CCT) et d’effectuer des contrôles liés aux travailleurs détachés et à la loi sur le travail au noir.</p>
<p style="text-align: justify;">Les Commissions paritaires membres et clientes de l’AICPJ sont les CP du bâtiment et génie civil, de la plâtrerie-peinture, de la menuiserie, charpenterie et ébénisterie, des branches techniques du bâtiment, des installateurs et électriciens, du nettoyage et des métiers du métal. Ce sont principalement ces commissions paritaires qui financent les activités de l’AICPJ.</p>
<p>[/et_pb_text][/et_pb_column][/et_pb_row][et_pb_row _builder_version= »4.27.4&Prime; _module_preset= »default » global_colors_info= »{} »][et_pb_column type= »4_4&Prime; _builder_version= »4.27.4&Prime; _module_preset= »default » global_colors_info= »{} »][et_pb_button button_url= »https://ccjura.ch/denonciation-contact/ » button_text= »Dénonciation » button_alignment= »center » _builder_version= »4.27.4&Prime; _module_preset= »default » button_text_size= »35px » custom_margin= »-88px||49px||| » custom_padding= »11px|32px|11px|32px|true|true » global_colors_info= »{} »][/et_pb_button][/et_pb_column][/et_pb_row][/et_pb_section]</p>

<p>AccueilQui sommes-nous ? L’AICPJ (Association Interprofessionnelle des Commissions Paritaires du Canton du Jura) est une organisation créée pour fédérer, accompagner et soutenir l’ensemble des commissions paritaires actives dans la région jurassienne. Elle a pour vocation de renforcer l’efficacité des commissions paritaires, de promouvoir le respect des conventions collectives de travail et de contribuer à un [&hellip;]</p>
